se
Is 19766 composite?
True
Is 587497 a prime number?
True
Is 4730171 prime?
True
Is 52214 composite?
True
Is 6158 a prime number?
False
Is 158135 prime?
False
Is 4049 a prime number?
True
Is 6387 a prime number?
False
Is 1149881 a composite number?
False
Is 58573 prime?
True
Is 81143 prime?
False
Is 2605 composite?
True
Is 27817 composite?
False
Is 37691 composite?
False
Is 82157 a prime number?
False
Is 147463 a prime number?
False
Is 47041 a composite number?
False
Is 763979 prime?
False
Is 1373443 composite?
True
Is 620909 prime?
True
Is 415003 composite?
True
Is 30143 a prime number?
False
Is 871 a composite number?
True
Is 4391 prime?
True
Is 379329 a composite number?
True
Is 1846471 prime?
False
Is 7993 a composite number?
False
Is 358153 composite?
False
Is 438091 prime?
True
Is 38859 a prime number?
False
Is 222913 a composite number?
False
Is 48881 a composite number?
True
Is 1377533 a prime number?
True
Is 108877 prime?
True
Is 144703 a prime number?
False
Is 2155 prime?
False
Is 890009 prime?
False
Is 8191 composite?
False
Is 9127 prime?
True
Is 337933 prime?
False
Is 30713 a prime number?
True
Is 3017 a composite number?
True
Is 688529 composite?
True
Is 6449 composite?
False
Is 1399 a prime number?
True
Is 495233 a composite number?
True
Is 3761 a composite number?
False
Is 190507 a composite number?
False
Is 30823 prime?
False
Is 76913 prime?
True
Is 451 a prime number?
False
Is 487043 prime?
False
Is 10289 prime?
True
Is 6353 composite?
False
Is 114439 a prime number?
False
Is 14305 a prime number?
False
Is 8501 prime?
True
Is 104623 a composite number?
False
Is 511519 a prime number?
True
Is 135719 prime?
True
Is 701653 a composite number?
False
Is 61343 a composite number?
False
Is 15107 composite?
False
Is 53695 prime?
False
Is 143941 prime?
False
Is 54539 a composite number?
False
Is 2719 composite?
False
Is 21911 a prime number?
True
Is 148091 a prime number?
True
Is 2060909 composite?
False
Is 156263 composite?
True
Is 3613 prime?
True
Is 146467 a composite number?
True
Is 82913 a composite number?
False
Is 24803 prime?
False
Is 59159 a composite number?
False
Is 14543 a composite number?
False
Is 39659 a prime number?
True
Is 49307 prime?
True
Is 678157 a prime number?
True
Is 359621 a prime number?
True
Is 17771 composite?
True
Is 25031 composite?
False
Is 254071 a composite number?
False
Is 1562933 prime?
True
Is 99379 a composite number?
True
Is 306655 prime?
False
Is 3427 prime?
False
Is 150373 a composite number?
False
Is 55987 composite?
False
Is 69637 prime?
False
Is 89839 a prime number?
True
Is 11183 prime?
False
Is 450251 a composite number?
True
Is 123421 prime?
False
Is 103769 a prime number?
True
Is 45221 a prime number?
False
Is 10805 a prime number?
False
Is 13567 a composite number?
False
Is 8663 composite?
False
Is 709367 a prime number?
False
Is 146611 prime?
False
Is 76309 a composite number?
True
Is 7509 a composite number?
True
Is 78157 composite?
False
Is 123049 a composite number?
False
Is 1826054 a composite number?
True
Is 3326 prime?
False
Is 9355 a composite number?
True
Is 20369 prime?
True
Is 501493 a composite number?
False
Is 419009 prime?
False
Is 5519 a prime number?
True
Is 2395 prime?
False
Is 503 a prime number?
True
Is 15427 composite?
False
Is 389191 a composite number?
True
Is 143339 composite?
True
Is 107827 a composite number?
False
Is 442733 composite?
False
Is 250417 prime?
False
Is 6457 a prime number?
False
Is 513335 prime?
False
Is 18429 prime?
False
Is 1661435 composite?
True
Is 6733 a prime number?
True
Is 12877 a composite number?
True
Is 7103 a prime number?
True
Is 694 a composite number?
True
Is 1300237 prime?
True
Is 29257 a composite number?
True
Is 9799 a composite number?
True
Is 915051 a prime number?
False
Is 8263 composite?
False
Is 3299 a prime number?
True
Is 61613 composite?
False
Is 59741 composite?
True
Is 31957 composite?
False
Is 40091 prime?
False
Is 6197 a prime number?
True
Is 6377 a composite number?
True
Is 172361 a composite number?
True
Is 1651 a composite number?
True
Is 286927 a composite number?
False
Is 6127 a prime number?
False
Is 34417 a composite number?
True
Is 1087 a composite number?
False
Is 20849 a composite number?
False
Is 35414 prime?
False
Is 195922 composite?
True
Is 421093 a prime number?
True
Is 505129 a prime number?
True
Is 1929137 a prime number?
False
Is 20261 composite?
False
Is 469487 composite?
False
Is 86743 a prime number?
True
Is 114667 composite?
True
Is 541889 prime?
True
Is 471994 prime?
False
Is 6227 a composite number?
True
Is 1210217 composite?
True
Is 8081 prime?
True
Is 3863393 composite?
False
Is 149213 composite?
False
Is 785953 composite?
True
Is 163 a prime number?
True
Is 1637 a prime number?
True
Is 579407 prime?
True
Is 6073 prime?
True
Is 9967 prime?
True
Is 443 composite?
False
Is 3989 composite?
False
Is 21729 a prime number?
False
Is 852047 a composite number?
True
Is 3203 a composite number?
False
Is 329057 a prime number?
False
Is 62459 prime?
True
Is 437939 a composite number?
True
Is 5857 a composite number?
False
Is 779783 a composite number?
True
Is 406781 prime?
False
Is 4249 composite?
True
Is 62735 composite?
True
Is 96469 prime?
True
Is 43391 prime?
True
Is 39251 a prime number?
True
Is 3613 prime?
True
Is 31591 a prime number?
False
Is 7522 composite?
True
Is 259687 a prime number?
False
Is 247045 a composite number?
True
Is 46985 prime?
False
Is 14971 a prime number?
False
Is 23269 a prime number?
True
Is 17617 prime?
False
Is 1913 prime?
True
Is 919 composite?
False
Is 2441045 prime?
False
Is 23451 a composite number?
True
Is 7913 composite?
True
Is 6007 a prime number?
True
Is 17237 prime?
False
Is 3967 a prime number?
True
Is 86369 a composite number?
False
Is 24551 a composite number?
False
Is 210439 prime?
False
Is 238057 a prime number?
False
Is 787 prime?
True
Is 24761 composite?
True
Is 36962 a composite number?
True
Is 24431 a prime number?
False
Is 21927 prime?
False
Is 19553 a composite number?
False
Is 1597 prime?
True
Is 1199 composite?
True
Is 69587 composite?
True
Is 5461 a composite number?
True
Is 1151 prime?
True
Is 227627 a prime number?
True
Is 4711 a composite number?
True
Is 491 composite?
False
Is 6959 composite?
False
Is 10181 prime?
True
Is 215249 a prime number?
True
Is 802661 prime?
True
Is 45769 composite?
True
Is 201385 a composite number?
True
Is 171753 prime?
False
Is 49351 a prime number?
False
Is 907 prime?
True
Is 133949 a prime number?
True
Is 614143 a prime number?
True
Is 137987 composite?
True
Is 251287 composite?
False
Is 108242 composite?
True
Is 101957 a composite number?
False
Is 71011 prime?
True
Is 750311 a composite number?
False
Is 13751 a prime number?
True
Is 178597 composite?
False
Is 318613 composite?
True
Is 287303 a prime number?
False
Is 307 prime?
True
Is 556583 a composite number?
False
Is 5209 a composite number?
False
Is 129557 prime?
False
Is 42379 a prime number?
True
Is 306265 a composite number?
True
Is 6801 composite?
True
Is 52511 a composite number?
False
Is 2833 composite?
False
Is 11017 composite?
True
Is 1337 prime?
False
Is 569369 composite?
False
Is 344941 a composite number?
False
Is 6499 a prime number?
False
Is 94883 a prime number?
False
Is 577469 a composite number?
True
Is 289939 prime?
False
Is 694 a composite number?
True
Is 23486 a prime number?
False
Is 358951 composite?
False
Is 1264421 a composite number?
True
Is 1637 a prime number?
True
Is 1783 composite?
False
Is 14614 composite?
True
Is 73765 composite?
True
Is 381646 a composite number?
True
Is 8661 composite?
True
Is 157291 a prime number?
True
Is 23717 a prime number?
False
Is 6119 a prime number?
False
Is 354763 prime?
True
Is 2474899 composite?
True
Is 83209 composite?
True
Is 4713 prime?
False
Is 211619 a composite number?
False
Is 20849 composite?
False
Is 24439 composite?
False
Is 21977 a prime number?
True
Is 101681 composite?
False
Is 57703 composite?
True
Is 9467 a composite number?
False
Is 12893 a composite number?
False
Is 20771 a prime number?
True
Is 65167 composite?
False
Is 449 composite?
False
Is 147073 a prime number?
True
Is 2491 a prime number?
False
Is 6161 composite?
True
Is 616799 composite?
False
Is 15053 a composite number?